 -7 + -5 + 20 - (-1 - (1 - 8)).
2
Calculate -9 + 2 - (35 + -40 + 21).
-23
-1 + (7 - 2 - 7) + -5 + 0
-8
What is the value of -2 + -2 - (332 + -352)?
16
What is the value of ((-7 - 3) + 7 - 0) + -16?
-19
What is the value of 116 + -117 - (-2 - -2)?
-1
What is (1 - (27 + -19)) + -1 + 5?
-3
What is the value of 1 + 1 - (115 + -40 - 93)?
20
What is the value of 14 - (-14 + (27 - 18)) - 17?
2
Calculate 3 + (7 - (8 - 0)) + 8.
10
-18 - (-23 + -18 - -3)
20
Calculate -4 + 2 - (-41 + -33 + 64).
8
What is the value of -14 + 6 - ((-2 - (1 - 5)) + 5)?
-15
What is (-16 - (-22 + -8)) + -6?
8
(5 - (1 - 0)) + 4 + -5
3
-7 + 59 + -48 + 2 + -11
-5
What is (-98 - -110) + (0 - (2 - 2))?
12
(5 - (3 - -3)) + -15 + 7
-9
Calculate -32 - (-73 - -42 - -33).
-34
What is (0 + 8 - 3) + (0 + -1 - 9)?
-5
What is (-11 - -8 - (-20 + 8)) + 3?
12
What is (-32 + 20 - -18) + 7?
13
Evaluate 1 - (-10 - -4) - (0 + -2).
9
What is the value of 38 - (35 + 17 + -34)?
20
(-1 - 1) + -1 + -7 + 19 + -2
7
Calculate 11 - (4 - 3) - -2 - 3.
9
35 + -6 - (2 + 7) - (8 + -1)
13
What is -3 + -12 - -18 - (-8 + 42)?
-31
What is (7 - (-4 - (1 + -4))) + (0 - 4)?
4
33 + (-11 - (26 - 26))
22
What is 2 - 8 - (-4 + (-8 + -4 - -13))?
-3
What is (12 - 11) + -4 + -2?
-5
What is the value of 1 + -2 + (2 - 0) + 0 + 8?
9
Evaluate 17 - (-30 + 9 + 48).
-10
(-4 - (4 - 8) - -6) + (1 - -1)
8
What is -18 - (31 + (-36 - 1) - (-1 + -5))?
-18
Evaluate (31 - 16 - 15) + 0.
0
Calculate 1 + (30 - -5) - 17.
19
What is (-4 - (-8 - -41)) + 13?
-24
(-4 - (-13 - -21)) + 9
-3
What is the value of -5 + 4 + 2 - (10 + -20 - -11)?
0
What is the value of (3 - (-5 - -5 - (-5 + -1))) + 8?
5
Calculate -7 + 20 + (-106 - -99).
6
Evaluate -39 + 44 - (4 + 15 - -3).
-17
-11 + 10 + -1 - (2 + 0 + 2)
-6
What is the value of (1 - -23) + 107 + -113?
18
What is the value of (6 + -8 - -9) + -11 - -2?
-2
What is 8 + (-1 - (-9 - (-10 - 7))) - -9?
8
What is (-2 - -17) + 0 + (-44 - -38)?
9
Calculate -2 + -8 + 4 - (-10 - -4).
0
What is (1 - 0) + 4 + 7 + -4?
8
(38 + -45 - (0 + -10)) + 12
15
Calculate (4 - (-1 + 2 + 6 + -6)) + 14.
17
Calculate 2 + 22 + -6 + (-14 + 10 - 1).
13
What is the value of -127 + 153 + (-3 - 13) - (1 - 9)?
18
What is the value of -617 - -642 - (0 + -1)?
26
What is the value of -36 + 38 + (-52 - -19)?
-31
What is -11 - (58 + -48 - (31 + 1))?
11
What is -1984 + 1980 + 0 + -1 + 0 + -1?
-6
(10 - 7) + -15 - -3 - (-6 - -9)
-12
What is the value of -24 + -5 + (13 - (-1 + -5 + 13))?
-23
Calculate (24 - 25) + (-8 - (1 - 5)).
-5
5 + 2 + (-9 - -7) + 5 + 7
17
Evaluate (-6 - 0) + 13 - (3 - -12).
-8
Evaluate 1 - 0 - (172 - 153).
-18
Calculate (9 + 2 - 9) + -8 - (-19 - -15).
-2
1 + -3 - ((-4 - (-9 + 3)) + -9)
5
Evaluate -5 + 0 + 17 - 6 - 3 - 2.
1
Calculate -15 + (17 - (-13 - -27)).
-12
-17 - -22 - (3 + -2 - (2 - 1))
5
What is the value of (2 - -14) + 29 + -43 - (2 - -15)?
-15
(27 - (-27 + 56)) + (5 - 0)
3
Calculate 488 + -477 - (0 - -17).
-6
Calculate -49 + 9 + -31 + 37.
-34
What is 1 - (2 - (-23 - -7)) - (-4 + 0)?
-13
Evaluate (-1 - 9 - (-105 + 112)) + 4.
-13
Calculate -14 - ((-3 - 4) + 7 + -1 + 0).
-13
What is 25 - (-1 + 34) - -6?
-2
Calculate 16 + -28 + 13 + (0 + 7 - 1).
7
What is -15 - (1 + -16 + -23 + 14)?
9
Calculate 1 + -14 + 6 - (11 + 17 + 1).
-36
What is -8 - -17 - -2 - 7?
4
-10 - 1 - (14 - 37 - -33)
-21
Evaluate 9 - 13 - (-20 + 5 - (8 - 2)).
17
8 + (-10 + 8 - 2 - -9)
13
What is the value of -12 + 8 + 18 + -18?
-4
What is -19 - (-29 + 2 - -21)?
-13
Evaluate -1 + 4 + -2 + (-1 - -3) + -3.
0
Calculate 5 - (41 + -37 - (33 + 6 + -5)).
35
What is the value of (-7 - 1 - -19) + (9 - 4)?
16
3 + 6 + (-40 - -42) - 11
0
Evaluate (14 - -2) + -10 + 1.
7
Calculate (3 - 9) + -4 - ((9 - -1) + -5).
-15
-2 - (-3 + -4 + 13 + 5 + -13)
0
What is the value of -19 + -38 + 32 + -9?
-34
What is 12 - (26 + 1) - 3?
-18
What is the value of (21 - (8 - -11)) + 1 + 1 + -9?
-5
Evaluate 17 - (-23 + 33) - 24.
-17
Calculate (-10 + 9 - 0) + -3 - 11.
-15
Calculate -9 - (3 + -6 + (11 - 13)).
-4
-317 - -312 - (-1 - 14)
10
Calculate -18 + (1 - 1 - (-4 + (-4 - -6))).
-16
What is 12 - (16 + 0) - -23?
19
What is the value of (-23 - -20) + 0 + 3 + (1 - 3)?
-2
Calculate -13 + -1 + (-22 - (-25 - 1)).
-10
What is 10 - 4 - (1 + -1) - (192 - 185)?
-1
What is -2 - (5 - (-1 + 6))?
-2
-27 - (2 + (16 - 11) + -15)
-19
Calculate 18 - (14 - (17 + -6)).
15
Calculate -21 - (13 + -43 + 16).
-7
9 + (-7 + 5 - (1 - (0 + 4)))
10
Evaluate -7 + -6 + 22 - -6.
15
What is the value of 25 + -21 + -21 + 27?
10
What is 256 + -262 + (36 + -3 - 3)?
24
What is -13 - -23 - (-20 + 27)?
3
2 - (12 - 30 - 8)
28
What is the value of -6 - (8 + (-12 - 2)) - -10?
10
Evaluate (8 - (-8 - -4)) + 5 + (-4 - 5).
8
-9 + 5 + (8 - (4 + -2 + 12))
-10
Evaluate 25 + 22 + -13 + -12.
22
Evaluate 448 + -465 + 35 + 1.
19
Calculate (58 - (6 - -25)) + -23.
4
Evaluate -25 - ((-72 - -14) + 19).
14
Evaluate 0 - (-12 - (-5 + -11)).
-4
What is the value of -12 + (-22 - 4) + 17?
-21
What is (-9 - -14 - (15 + -2)) + 1?
-7
20 + -28 - -1 - (-2 - 1) - -9
5
Evaluate 193 + -207 + 23 + 1 + 4.
14
Calculate -1 - 17 - (-31 - (-16 - 7)).
-10
What is the value of (2 + 1 - (-57 + 49)) + (-14 - 13)?
-16
Calculate -7 + -1 - ((-3 - -1) + (-3 - -1)).
-4
What is the value of 5 - 1 - (-99 + 95) - 14?
-6
What is the value of -6 - (7 - (6 - 3) - -4)?
-14
What is the value of (2 + -5 + -5 - -5) + (3 - 4)?
-4
Evaluate 0 + 34 + -10 + -12.
12
What is the value of 9 + -9 + 7 - 15?
-8
Calculate (7 - (-7 - -26)) + 2 + -7.
-17
Calculate 14 + -16 + 4 + -5.
-3
What is 56 - 29 - (18 - -17)?
-8
Calculate 4 + 1 + (141 - 143) + -1 + -5.
-3
12 - -1 - (-1223 + 1246)
-10
Evaluate -2 - 9 - (6 + (7 - (12 + 3))).
-9
(-17 + 10 - -46 - 2) + -6
31
What is the value of 21 - (-3 - (-2 + -2))?
20
What is -3 + (-1 + (6 - 3) - -12)?
11
What is the value of 32 + -15 + 3 + -26?
-6
Calculate -68 + 71 + (7 - 3).
7
What is the value of -5 - (3 - (6 + -9) - 21)?
10
Calculate 50 + -33 + (-16 - -14).
15
What is the value of (1055 - 1055) + (23 - -1)?
24
What is 12 - (477 - 485 - (-24 - -1))?
-3
(0 - -16) + 439 + -461
-6
What is the value of -8 + 1 - (490 - 496)?
-1
(-122 - -96) + (13 - -3)
-10
What is (-25 - -27 - 26) + 14?
-10
26 - 21 - (-12 - -2)
15
What is the value of (3 - (0 - -21)) + (-1 - -10)?
-9
Evaluate 11 - (-10 + 2 - 0) - 11.
8
Evaluate -1 + 20 + -8 + 1 + 16.
28
What is the value of (10 + -3 + -3 - 5) + (-10 - -1)?
-10
What is the value of (-8 - (3 - 2)) + 48 + -55?
-16
What is 5 + (43 - 9 - 2) + -15?
22
Evaluate 6 - -2 - (20 + (-3 - (8 - 0))).
-1
31 - (86 - 19) - (-8 - (-2 - -1))
-29
What is -7 + 0 + -13 + 11 + -2 + 5?
-6
Evaluate 28 - 2 - (-1 - -33).
-6
Evaluate -25 - (-41 + -32 + 50).
-2
-1 - (-6 - -26) - 4 - (-9 + 9)
-25
(-4 - -23) + (15 - (19 - -4))
11
Calculate (-3 + 17 - -3) + (-132 - -136).
21
What is the value of (-44 - -55) + -2 - (13 - -2)?
-6
Evaluate (40 - 0) + (3 - 53) + 51.
41
Evaluate (16 - -6) + (0 - (-1 + 10)).
13
10 - 0 - (15 - ((4 - -1) + -9))
-9
Calculate 24 + -16 + -7 + -9.
-8
What is the value of -1 + (40 - 34 - -17)?
22
What is the value of -2 + -12 + 48 + -46?
-12
What is (-1 - (-4 + 3)) + 8?
8
What is 10 - 4 - (-13 + 19) - (2 - -3)?
-5
What is -3 - ((-39 - -14) + 13)?
9
-9 - 1 - (-8 - (-8 - 21 - -11))
-20
What is -147 + 149 - (1 - (0 - (2 + -4)))?
3
Calculate (0 - 2) + 10 - (-21 - -22).
7
Calculate 9 + -4 - (-191 + 186).
10
Evaluate -21 + (-3 - -2 - 6) + 13.
-15
What is (5 - -10) + -31 + 22?
6
4 + -2 + -23 + 0
-21
Evaluate -4 + (-7 - -14) + (-3 - 0).
0
What is the value of -23 + 38 - -31 - 15?
31
Evaluate -59 + 47 + 4 + 0 + -7.
-15
Calculate -9 + (-6 - -5) + 1 + 1.
-8
Evaluate -11 + (1 - 2) + -27 + 21.
-18
What is the value of -6 - -3 - ((-3 - (5 - 10)) + -3)?
-2
Evaluate (-193 - -170 - (1 - 15)) + (-1 - -2).
-8
What is 0 + 3 - (-32 + -13 + 26 + 26)?
-4
What is the value of 13 - (-9 + 10) - (6 - (-5 + 8))?
9
What is the value of 13 - (5 + (13 - -5))?
-10
What is 36 + (-34 - -27) + -25?
4
What is 25 + (19 - 34) + 23?
33
Calculate -5 - -19 - -3 - 10.
7
Evaluate (7 - 0 - (-5 + 15)) + 12.
9
-9 + (3 - -10) + -33 + 16
-13
What is 41 + (32 - 80) - -33?
26
What is the value of -18 + 31 + (-6 - (-6 + 3 - -6))?
4
Calculate (0 - 6 - 4) + 0.
-10
What is 14 + -1 + (-2 + -9 - (2 + -8))?
8
What is 2 + 0 + 4 - (-19 + 1 - -16)?
8
What is the value of (17 + -29 - (-4 - 4)) + -8?
